hat is the remainder when 91 is divided by 23?
22
Calculate the remainder when 297 is divided by 25.
22
What is the remainder when 1078 is divided by 68?
58
What is the remainder when 721 is divided by 314?
93
Calculate the remainder when 63 is divided by 11.
8
What is the remainder when 21 is divided by 13?
8
Calculate the remainder when 879 is divided by 55.
54
What is the remainder when 717 is divided by 358?
1
Calculate the remainder when 11 is divided by 7.
4
What is the remainder when 177 is divided by 21?
9
Calculate the remainder when 1135 is divided by 44.
35
What is the remainder when 137 is divided by 10?
7
What is the remainder when 132 is divided by 124?
8
What is the remainder when 158 is divided by 53?
52
What is the remainder when 5055 is divided by 64?
63
What is the remainder when 20 is divided by 15?
5
Calculate the remainder when 18 is divided by 3.
0
Calculate the remainder when 129 is divided by 26.
25
What is the remainder when 251 is divided by 101?
49
Calculate the remainder when 188 is divided by 43.
16
What is the remainder when 4405 is divided by 39?
37
Calculate the remainder when 153 is divided by 29.
8
Calculate the remainder when 2084 is divided by 140.
124
Calculate the remainder when 125 is divided by 12.
5
What is the remainder when 193 is divided by 13?
11
Calculate the remainder when 105 is divided by 9.
6
What is the remainder when 94 is divided by 14?
10
Calculate the remainder when 1809 is divided by 361.
4
Calculate the remainder when 1706 is divided by 131.
3
What is the remainder when 163 is divided by 74?
15
What is the remainder when 11260 is divided by 90?
10
Calculate the remainder when 3252 is divided by 37.
33
What is the remainder when 167 is divided by 19?
15
Calculate the remainder when 1738 is divided by 124.
2
Calculate the remainder when 198 is divided by 78.
42
Calculate the remainder when 91 is divided by 24.
19
What is the remainder when 295 is divided by 155?
140
What is the remainder when 95 is divided by 12?
11
Calculate the remainder when 1548 is divided by 194.
190
Calculate the remainder when 9070 is divided by 22.
6
What is the remainder when 19 is divided by 15?
4
Calculate the remainder when 397 is divided by 57.
55
What is the remainder when 3594 is divided by 29?
27
What is the remainder when 885 is divided by 504?
381
What is the remainder when 49892 is divided by 85?
82
Calculate the remainder when 193 is divided by 22.
17
What is the remainder when 169 is divided by 57?
55
Calculate the remainder when 57 is divided by 15.
12
Calculate the remainder when 36 is divided by 25.
11
What is the remainder when 235 is divided by 85?
65
What is the remainder when 403 is divided by 29?
26
Calculate the remainder when 8345 is divided by 37.
20
What is the remainder when 2389 is divided by 184?
181
Calculate the remainder when 8305 is divided by 378.
367
What is the remainder when 41 is divided by 14?
13
Calculate the remainder when 6940 is divided by 2311.
7
What is the remainder when 95 is divided by 24?
23
Calculate the remainder when 439 is divided by 40.
39
What is the remainder when 293 is divided by 139?
15
What is the remainder when 8063 is divided by 56?
55
What is the remainder when 2071 is divided by 689?
4
Calculate the remainder when 61 is divided by 54.
7
What is the remainder when 489 is divided by 293?
196
What is the remainder when 967 is divided by 76?
55
Calculate the remainder when 937 is divided by 310.
7
Calculate the remainder when 173 is divided by 16.
13
Calculate the remainder when 257 is divided by 35.
12
What is the remainder when 48 is divided by 11?
4
Calculate the remainder when 31 is divided by 8.
7
What is the remainder when 4126 is divided by 5?
1
What is the remainder when 48 is divided by 33?
15
What is the remainder when 898 is divided by 305?
288
Calculate the remainder when 208 is divided by 206.
2
Calculate the remainder when 1655 is divided by 93.
74
Calculate the remainder when 272 is divided by 119.
34
Calculate the remainder when 296 is divided by 90.
26
What is the remainder when 152 is divided by 17?
16
Calculate the remainder when 230 is divided by 169.
61
Calculate the remainder when 1332 is divided by 30.
12
What is the remainder when 1381 is divided by 444?
49
What is the remainder when 3525 is divided by 43?
42
What is the remainder when 641 is divided by 15?
11
What is the remainder when 86 is divided by 23?
17
What is the remainder when 550 is divided by 8?
6
What is the remainder when 83 is divided by 28?
27
Calculate the remainder when 473 is divided by 9.
5
What is the remainder when 916 is divided by 341?
234
What is the remainder when 318 is divided by 162?
156
Calculate the remainder when 158 is divided by 34.
22
What is the remainder when 338 is divided by 17?
15
Calculate the remainder when 11014 is divided by 51.
49
Calculate the remainder when 501 is divided by 22.
17
What is the remainder when 306 is divided by 297?
9
Calculate the remainder when 153 is divided by 64.
25
Calculate the remainder when 284 is divided by 138.
8
What is the remainder when 151 is divided by 76?
75
What is the remainder when 298 is divided by 43?
40
What is the remainder when 154 is divided by 27?
19
What is the remainder when 5363 is divided by 158?
149
What is the remainder when 2904 is divided by 51?
48
Calculate the remainder when 221 is divided by 15.
11
Calculate the remainder when 284 is divided by 9.
5
Calculate the remainder when 79 is divided by 4.
3
Calculate the remainder when 812 is divided by 3.
2
Calculate the remainder when 193 is divided by 66.
61
What is the remainder when 366 is divided by 48?
30
What is the remainder when 8511 is divided by 16?
15
What is the remainder when 4128 is divided by 118?
116
Calculate the remainder when 71 is divided by 15.
11
What is the remainder when 929 is divided by 93?
92
What is the remainder when 51 is divided by 26?
25
Calculate the remainder when 1465 is divided by 85.
20
Calculate the remainder when 168 is divided by 10.
8
Calculate the remainder when 1366 is divided by 65.
1
Calculate the remainder when 279 is divided by 20.
19
Calculate the remainder when 6323 is divided by 68.
67
Calculate the remainder when 1274 is divided by 85.
84
What is the remainder when 87 is divided by 79?
8
Calculate the remainder when 512 is divided by 259.
253
What is the remainder when 414 is divided by 110?
84
Calculate the remainder when 9969 is divided by 175.
169
Calculate the remainder when 97 is divided by 49.
48
What is the remainder when 570 is divided by 48?
42
Calculate the remainder when 1943 is divided by 7.
4
Calculate the remainder when 10651 is divided by 7.
4
Calculate the remainder when 55 is divided by 44.
11
What is the remainder when 781 is divided by 138?
91
What is the remainder when 327 is divided by 47?
45
Calculate the remainder when 232 is divided by 105.
22
Calculate the remainder when 9978 is divided by 192.
186
Calculate the remainder when 358 is divided by 104.
46
What is the remainder when 1054 is divided by 346?
16
What is the remainder when 2121 is divided by 36?
33
Calculate the remainder when 553 is divided by 10.
3
Calculate the remainder when 101 is divided by 32.
5
What is the remainder when 137 is divided by 14?
11
Calculate the remainder when 671 is divided by 32.
31
Calculate the remainder when 1058 is divided by 53.
51
What is the remainder when 86 is divided by 46?
40
What is the remainder when 65 is divided by 47?
18
Calculate the remainder when 222 is divided by 8.
6
What is the remainder when 7075 is divided by 353?
15
What is the remainder when 300 is divided by 96?
12
What is the remainder when 773 is divided by 174?
77
Calculate the remainder when 143 is divided by 21.
17
What is the remainder when 94 is divided by 14?
10
What is the remainder when 1033 is divided by 130?
123
Calculate the remainder when 254 is divided by 128.
126
Calculate the remainder when 3525 is divided by 219.
21
What is the remainder when 207 is divided by 15?
12
What is the remainder when 141 is divided by 81?
60
Calculate the remainder when 7762 is divided by 76.
10
What is the remainder when 1024 is divided by 104?
88
What is the remainder when 18 is divided by 16?
2
What is th